{"id":8361,"date":"2026-03-22T08:42:46","date_gmt":"2026-03-22T08:42:46","guid":{"rendered":"https:\/\/clespourunavenirdurable.fr\/?page_id=8361"},"modified":"2026-03-22T11:10:01","modified_gmt":"2026-03-22T11:10:01","slug":"rl-kashyap","status":"publish","type":"page","link":"https:\/\/clespourunavenirdurable.fr\/?page_id=8361","title":{"rendered":"RL Kashyap"},"content":{"rendered":"\n<p><\/p>\n\n\n\n<h3 style=\"text-align: center;\">RL Kashyap&nbsp;<\/h3>\n\n\n\n<p><\/p>\n\n\n\n<p><\/p>\n\n\n\n<div class=\"wp-block-uagb-image uagb-block-2ff66c68 wp-block-uagb-image--layout-default wp-block-uagb-image--effect-static wp-block-uagb-image--align-none\"><figure class=\"wp-block-uagb-image__figure\"><img decoding=\"async\" srcset=\"https:\/\/clespourunavenirdurable.fr\/wp-content\/uploads\/2026\/03\/rl-kashyap-95456186-1024x768.jpg \" src=\"https:\/\/clespourunavenirdurable.fr\/wp-content\/uploads\/2026\/03\/rl-kashyap-95456186-1024x768.jpg\" alt=\"\" class=\"uag-image-8377\" width=\"\" height=\"\" title=\"\" loading=\"lazy\"\/><\/figure><\/div>\n\n\n\n<p><\/p>\n\n\n\n<h4 style=\"text-align: justify;\">Professeur \u00e9m\u00e9rite de g\u00e9nie \u00e9lectrique et informatique, \u00e0 l&rsquo;Universit\u00e9 Purdue, \u00c9tats-Unis, et \u00e9galement directeur de l&rsquo;Institut de Culture V\u00e9dique Sri Aurobindo Kapali Sastry.<\/h4>\n<p>https:\/\/vedah.com\/?srsltid=AfmBOoo2rHGDfH0UReTmUTjFMGuewbIXtjWteVwFm84jO-mBxjbcuNYX<\/p>\n<h4 style=\"text-align: justify;\">Il a <strong>apport\u00e9 des contributions fondamentales<\/strong> tant dans le domaine de <strong>la reconnaissance de formes par ordinateur et de l&rsquo;intelligence machine<\/strong>, que dans le domaine des <strong>\u00e9tudes v\u00e9diques<\/strong>.<\/h4>\n<h4 style=\"text-align: justify;\">Pour son travail dans le domaine de l&rsquo;intelligence artificielle, il a re\u00e7u plusieurs prix majeurs tels que le\u00a0 prix King-Sun Fu pour les contributeurs fondamentaux \u00e0 la reconnaissance de motifs (1990), d\u00e9cern\u00e9 par l&rsquo;International Association of Pattern Recognition. Il a \u00e9galement re\u00e7u plusieurs prix du meilleur article de recherche, tels que le J.C. Bose Award (1991), le prix du meilleur article de la National Electronics Conference (1966), et le deuxi\u00e8me prix du meilleur article de la revue \u00ab Pattern Recognition \u00bb. Au cours de ses 33 ann\u00e9es \u00e0 Purdue, il a encadr\u00e9 50 \u00e9tudiants \u00e0 la pr\u00e9paration d\u2019 un doctorat. Il a publi\u00e9 plus de 250 articles de recherche dans des revues scientifiques avanc\u00e9es et pr\u00e9sent\u00e9 plus de 200 communications lors de conf\u00e9rences nationales et internationales, dont plusieurs discours d&rsquo;ouverture.<\/h4>\n<h4 style=\"text-align: justify;\">Il a \u00e9galement \u00e9t\u00e9 directeur adjoint du centre de fabrication intelligente ; La revue &lsquo;IEEE Transactions on Pattern Analyses and Machine Intelligence&rsquo;, fond\u00e9e par le Prof. Fu et Kashyap dans les ann\u00e9es soixante-dix, est la revue de r\u00e9f\u00e9rence dans le domaine. Son travail de doctorat \u00ab Ho-Kashyap Algorithms \u00bb r\u00e9alis\u00e9 en 1965 est encore cit\u00e9 dans les manuels actuels.<\/h4>\n<h4 style=\"text-align: justify;\">Dans le domaine des \u00e9tudes v\u00e9diques, Kashyap a apport\u00e9 une contribution fondamentale, notamment la traduction compl\u00e8te en anglais des quatre grandes et plus anciennes collections de versets en sanskrit, \u00e0 savoir le Rig Veda Samhita, le Krishna Yajurveda Samhita et le Sama Veda, ainsi que l&rsquo;Atharva Veda (une partie), comprenant ensemble environ 25 000 versets m\u00e9triques en sanskrit des V\u00e9das (diff\u00e9rents du sanskrit classique). Il a poursuivi le travail de Sri Aurobindo et Kapali Sastry en r\u00e9v\u00e9lant les profondes significations des mantras v\u00e9diques.<\/h4>\n<h4 style=\"text-align: justify;\">La traduction a re\u00e7u de vives \u00e9loges de la part de plusieurs autorit\u00e9s bien connues du Veda. En plus des traductions, il a \u00e9crit en anglais environ 25 ouvrages explicatifs de synth\u00e8se expliquant les secrets des suktas du v\u00e9da. La plupart sont traduits en plusieurs langues indiennes. Sous sa direction, ses \u0153uvres majeures sont traduites en langues indiennes telles que le kannada, le tamoul et le t\u00e9lougou. Certains de ses livres ont \u00e9t\u00e9 r\u00e9\u00e9dit\u00e9s \u00e0 plusieurs reprises.<\/h4>\n<h4 style=\"text-align: justify;\">Pour son travail sur les \u00e9tudes v\u00e9diques, il a re\u00e7u le <strong>prix \u00ab Vedanga Vidvan \u00bb <\/strong>institu\u00e9 par l&rsquo;Institut du gouvernement indien, <strong>Maharshi Sandepani Veda Vidya Patashala.<\/strong><\/h4>\n<h4 style=\"text-align: justify;\">Le Professeur Kashyap a effectu\u00e9 ses \u00e9tudes au National College de Bangalore, au Central College de l&rsquo;Indian Institute of Science (dipl\u00f4mes de g\u00e9nie m\u00e9canique et de m\u00e9decine m\u00e9canique (DIISc). Il a obtenu son doctorat \u00e0 Harvard en 1966, o\u00f9 il a \u00e9t\u00e9 boursier du prix Gordan McKay. Il a re\u00e7u le prix d&rsquo;ancien \u00e9l\u00e8ve distingu\u00e9 de l&rsquo;IISc en 2010.<\/h4>\n<h4 style=\"text-align: justify;\">Il a \u00e9t\u00e9 honor\u00e9 par le gouvernement du Karnataka, du <strong>\u00ab Prix Rajyotsav <\/strong><strong>\u00bb <\/strong>en 2012, du <strong>\u00ab Vishveshwaraya Vijnana Puraskara \u00bb <\/strong>en 2013 par le Swadeshi Science Movement, ainsi \u00a0que du<strong> \u00ab Prix Veda Brahma \u00bb <\/strong>en 2013 par le Bharatiya Vidya Bhavan, Bangalore.<\/h4>\n<h4 style=\"text-align: justify;\">Le Dr Kashyap a \u00e9t\u00e9 honor\u00e9 d&rsquo;un doctorat honorifique en lettres par l&rsquo;Universit\u00e9 de sanskrit du Karnataka, Bangalore, en 2014.<\/h4>\n<h4 style=\"text-align: justify;\">Il a donn\u00e9\u00a0 des cours hebdomadaires r\u00e9guliers \u00e0 SAKSHI pour expliquer la profonde signification des mantras v\u00e9das et des Upanishads.<\/h4>\n<h4 style=\"text-align: justify;\">Kashyap est la seule personne au monde \u00e0 avoir traduit les 4 <a href=\"https:\/\/en.wikipedia.org\/wiki\/Vedas\">V\u00e9das<\/a>. En reconnaissance de son accomplissement ; il a \u00e9t\u00e9 honor\u00e9 par le gouvernement indien avec le <a href=\"https:\/\/en.wikipedia.org\/wiki\/Padma_Shri_award\">prix\u00a0 Padma Shri<\/a> en 2021 dans le domaine de la litt\u00e9rature et de l&rsquo;\u00e9ducation.<\/h4>\n<h4>Kashyap est d\u00e9c\u00e9d\u00e9 le 11 novembre 2022, \u00e0 l&rsquo;\u00e2ge de 84 ans.<a href=\"https:\/\/en.wikipedia.org\/wiki\/Rangasami_L._Kashyap#cite_note-1\"><sup>[1]<\/sup><\/a><\/h4>\n\n\n\n<p><\/p>\n\n\n\n<p><\/p>\n","protected":false},"excerpt":{"rendered":"<p>RL Kashyap&nbsp; Professeur \u00e9m\u00e9rite de g\u00e9nie \u00e9lectrique et informatique, \u00e0 l&rsquo;Universit\u00e9 Purdue, \u00c9tats-Unis, et \u00e9galement directeur de l&rsquo;Institut de Culture V\u00e9dique Sri Aurobindo Kapali Sastry. https:\/\/vedah.com\/?srsltid=AfmBOoo2rHGDfH0UReTmUTjFMGuewbIXtjWteVwFm84jO-mBxjbcuNYX Il a apport\u00e9 des contributions fondamentales tant dans le domaine de la reconnaissance de formes par ordinateur et de l&rsquo;intelligence machine, que dans le domaine des \u00e9tudes v\u00e9diques. Pour [&hellip;]<\/p>\n","protected":false},"author":1,"featured_media":0,"parent":0,"menu_order":0,"comment_status":"closed","ping_status":"closed","template":"","meta":{"om_disable_all_campaigns":false,"_uag_custom_page_level_css":"","_monsterinsights_skip_tracking":false,"_monsterinsights_sitenote_active":false,"_monsterinsights_sitenote_note":"","_monsterinsights_sitenote_category":0,"_uf_show_specific_survey":0,"_uf_disable_surveys":false,"footnotes":""},"aioseo_notices":[],"uagb_featured_image_src":{"full":false,"thumbnail":false,"medium":false,"medium_large":false,"large":false,"1536x1536":false,"2048x2048":false},"uagb_author_info":{"display_name":"lechev.1910@gmail.com","author_link":"https:\/\/clespourunavenirdurable.fr\/?author=1"},"uagb_comment_info":0,"uagb_excerpt":"RL Kashyap&nbsp; Professeur \u00e9m\u00e9rite de g\u00e9nie \u00e9lectrique et informatique, \u00e0 l&rsquo;Universit\u00e9 Purdue, \u00c9tats-Unis, et \u00e9galement directeur de l&rsquo;Institut de Culture V\u00e9dique Sri Aurobindo Kapali Sastry. https:\/\/vedah.com\/?srsltid=AfmBOoo2rHGDfH0UReTmUTjFMGuewbIXtjWteVwFm84jO-mBxjbcuNYX Il a apport\u00e9 des contributions fondamentales tant dans le domaine de la reconnaissance de formes par ordinateur et de l&rsquo;intelligence machine, que dans le domaine des \u00e9tudes v\u00e9diques. Pour\u2026","_links":{"self":[{"href":"https:\/\/clespourunavenirdurable.fr\/index.php?rest_route=\/wp\/v2\/pages\/8361"}],"collection":[{"href":"https:\/\/clespourunavenirdurable.fr\/index.php?rest_route=\/wp\/v2\/pages"}],"about":[{"href":"https:\/\/clespourunavenirdurable.fr\/index.php?rest_route=\/wp\/v2\/types\/page"}],"author":[{"embeddable":true,"href":"https:\/\/clespourunavenirdurable.fr\/index.php?rest_route=\/wp\/v2\/users\/1"}],"replies":[{"embeddable":true,"href":"https:\/\/clespourunavenirdurable.fr\/index.php?rest_route=%2Fwp%2Fv2%2Fcomments&post=8361"}],"version-history":[{"count":7,"href":"https:\/\/clespourunavenirdurable.fr\/index.php?rest_route=\/wp\/v2\/pages\/8361\/revisions"}],"predecessor-version":[{"id":8381,"href":"https:\/\/clespourunavenirdurable.fr\/index.php?rest_route=\/wp\/v2\/pages\/8361\/revisions\/8381"}],"wp:attachment":[{"href":"https:\/\/clespourunavenirdurable.fr\/index.php?rest_route=%2Fwp%2Fv2%2Fmedia&parent=8361"}],"curies":[{"name":"wp","href":"https:\/\/api.w.org\/{rel}","templated":true}]}}