{"id":8286,"date":"2026-01-29T06:41:34","date_gmt":"2026-01-29T06:41:34","guid":{"rendered":"https:\/\/clespourunavenirdurable.fr\/?page_id=8286"},"modified":"2026-01-29T07:28:04","modified_gmt":"2026-01-29T07:28:04","slug":"garry-jacobs-2","status":"publish","type":"page","link":"https:\/\/clespourunavenirdurable.fr\/?page_id=8286","title":{"rendered":"Garry Jacobs"},"content":{"rendered":"\n<p><\/p>\n\n\n\n\n\n<div class=\"wp-block-uagb-image uagb-block-2742e58e wp-block-uagb-image--layout-default wp-block-uagb-image--effect-static wp-block-uagb-image--align-none\"><figure class=\"wp-block-uagb-image__figure\"><img decoding=\"async\" srcset=\"https:\/\/clespourunavenirdurable.fr\/wp-content\/uploads\/2026\/01\/484312862_1060127796148989_8220243211665015483_n.jpg \" src=\"https:\/\/clespourunavenirdurable.fr\/wp-content\/uploads\/2026\/01\/484312862_1060127796148989_8220243211665015483_n.jpg\" alt=\"\" class=\"uag-image-8287\" width=\"\" height=\"\" title=\"\" loading=\"lazy\"\/><\/figure><\/div>\n\n\n\n<p><\/p>\n\n\n\n<h4 style=\"text-align: center;\"><strong>Garry Jacobs<\/strong>\u00a0<\/h4>\n<h5 style=\"text-align: center;\">Pr\u00e9sident Directeur G\u00e9n\u00e9ral de l&rsquo;Acad\u00e9mie Mondiale des Arts et des Sciences<\/h5>\n<h5 style=\"text-align: center;\">PDG et pr\u00e9sident du conseil d&rsquo;administration du World University Consortium<\/h5>\n<h5 style=\"text-align: center;\">Fellow international, Club de Rome<\/h5>\n<h5 style=\"text-align: center;\">Pr\u00e9sident, The Mother&rsquo;s Service Society, Pondich\u00e9ry, Inde.<\/h5>\n\n\n\n<p><\/p>\n\n\n\n<p><\/p>\n\n\n\n<div class=\"wp-block-uagb-buttons uagb-buttons__outer-wrap uagb-btn__default-btn uagb-btn-tablet__default-btn uagb-btn-mobile__default-btn uagb-block-c00473c8\"><div class=\"uagb-buttons__wrap uagb-buttons-layout-wrap\">\n<div class=\"wp-block-uagb-buttons-child uagb-buttons__outer-wrap uagb-block-6c61ced3 wp-block-button is-style-outline\"><div class=\"uagb-button__wrapper\"><a class=\"uagb-buttons-repeater wp-block-button__link has-background has-text-color\" href=\"https:\/\/clespourunavenirdurable.fr\/wp-content\/uploads\/2026\/01\/Garry-Jacobs-FO.zip\" onclick=\"return true;\" rel=\"follow noopener\" target=\"_self\"><div class=\"uagb-button__link\">Science, Soci\u00e9t\u00e9 et Durabilit\u00e9 : vers un nouveau paradigme de connaissances int\u00e9gr\u00e9es pour la s\u00e9curit\u00e9 humaine<\/div><\/a><\/div><\/div>\n<\/div><\/div>\n\n\n\n<p><\/p>\n\n\n\n<p><\/p>\n\n\n\n<div class=\"wp-block-uagb-buttons uagb-buttons__outer-wrap uagb-btn__default-btn uagb-btn-tablet__default-btn uagb-btn-mobile__default-btn uagb-block-3e404f32\"><div class=\"uagb-buttons__wrap uagb-buttons-layout-wrap\">\n<div class=\"wp-block-uagb-buttons-child uagb-buttons__outer-wrap uagb-block-8bdeb8ef wp-block-button is-style-outline\"><div class=\"uagb-button__wrapper\"><a class=\"uagb-buttons-repeater wp-block-button__link has-background has-text-color\" href=\"https:\/\/clespourunavenirdurable.fr\/wp-content\/uploads\/2026\/01\/Savoir-fiable-GARRY-JACOBS-2-FO-2.zip\" onclick=\"return true;\" rel=\"follow noopener\" target=\"_self\"><div class=\"uagb-button__link\">Connaissance Fiable par l&rsquo;Int\u00e9gration de l&rsquo;Art et de la Science<\/div><\/a><\/div><\/div>\n<\/div><\/div>\n\n\n\n<p><\/p>\n\n\n\n<p><\/p>\n\n\n\n<p><\/p>\n\n\n\n<p><\/p>\n","protected":false},"excerpt":{"rendered":"<p>Garry Jacobs\u00a0 Pr\u00e9sident Directeur G\u00e9n\u00e9ral de l&rsquo;Acad\u00e9mie Mondiale des Arts et des Sciences PDG et pr\u00e9sident du conseil d&rsquo;administration du World University Consortium Fellow international, Club de Rome Pr\u00e9sident, The Mother&rsquo;s Service Society, Pondich\u00e9ry, Inde.<\/p>\n","protected":false},"author":1,"featured_media":0,"parent":0,"menu_order":0,"comment_status":"closed","ping_status":"closed","template":"","meta":{"om_disable_all_campaigns":false,"_uag_custom_page_level_css":"","_monsterinsights_skip_tracking":false,"_monsterinsights_sitenote_active":false,"_monsterinsights_sitenote_note":"","_monsterinsights_sitenote_category":0,"_uf_show_specific_survey":0,"_uf_disable_surveys":false,"footnotes":""},"aioseo_notices":[],"uagb_featured_image_src":{"full":false,"thumbnail":false,"medium":false,"medium_large":false,"large":false,"1536x1536":false,"2048x2048":false},"uagb_author_info":{"display_name":"lechev.1910@gmail.com","author_link":"https:\/\/clespourunavenirdurable.fr\/?author=1"},"uagb_comment_info":0,"uagb_excerpt":"Garry Jacobs\u00a0 Pr\u00e9sident Directeur G\u00e9n\u00e9ral de l&rsquo;Acad\u00e9mie Mondiale des Arts et des Sciences PDG et pr\u00e9sident du conseil d&rsquo;administration du World University Consortium Fellow international, Club de Rome Pr\u00e9sident, The Mother&rsquo;s Service Society, Pondich\u00e9ry, Inde.","_links":{"self":[{"href":"https:\/\/clespourunavenirdurable.fr\/index.php?rest_route=\/wp\/v2\/pages\/8286"}],"collection":[{"href":"https:\/\/clespourunavenirdurable.fr\/index.php?rest_route=\/wp\/v2\/pages"}],"about":[{"href":"https:\/\/clespourunavenirdurable.fr\/index.php?rest_route=\/wp\/v2\/types\/page"}],"author":[{"embeddable":true,"href":"https:\/\/clespourunavenirdurable.fr\/index.php?rest_route=\/wp\/v2\/users\/1"}],"replies":[{"embeddable":true,"href":"https:\/\/clespourunavenirdurable.fr\/index.php?rest_route=%2Fwp%2Fv2%2Fcomments&post=8286"}],"version-history":[{"count":9,"href":"https:\/\/clespourunavenirdurable.fr\/index.php?rest_route=\/wp\/v2\/pages\/8286\/revisions"}],"predecessor-version":[{"id":8308,"href":"https:\/\/clespourunavenirdurable.fr\/index.php?rest_route=\/wp\/v2\/pages\/8286\/revisions\/8308"}],"wp:attachment":[{"href":"https:\/\/clespourunavenirdurable.fr\/index.php?rest_route=%2Fwp%2Fv2%2Fmedia&parent=8286"}],"curies":[{"name":"wp","href":"https:\/\/api.w.org\/{rel}","templated":true}]}}