{"id":8253,"date":"2026-01-29T05:43:25","date_gmt":"2026-01-29T05:43:25","guid":{"rendered":"https:\/\/clespourunavenirdurable.fr\/?page_id=8253"},"modified":"2026-01-29T07:00:46","modified_gmt":"2026-01-29T07:00:46","slug":"2026-2","status":"publish","type":"page","link":"https:\/\/clespourunavenirdurable.fr\/?page_id=8253","title":{"rendered":"Fadwa El Guindi"},"content":{"rendered":"\n\n\n<figure class=\"wp-block-image size-large\"><img decoding=\"async\" loading=\"lazy\" width=\"732\" height=\"1024\" src=\"https:\/\/clespourunavenirdurable.fr\/wp-content\/uploads\/2025\/02\/424867003_733507738869492_3662068486578975911_n-732x1024.jpg\" alt=\"\" class=\"wp-image-8018\" srcset=\"https:\/\/clespourunavenirdurable.fr\/wp-content\/uploads\/2025\/02\/424867003_733507738869492_3662068486578975911_n-732x1024.jpg 732w, https:\/\/clespourunavenirdurable.fr\/wp-content\/uploads\/2025\/02\/424867003_733507738869492_3662068486578975911_n-214x300.jpg 214w, https:\/\/clespourunavenirdurable.fr\/wp-content\/uploads\/2025\/02\/424867003_733507738869492_3662068486578975911_n-768x1075.jpg 768w, https:\/\/clespourunavenirdurable.fr\/wp-content\/uploads\/2025\/02\/424867003_733507738869492_3662068486578975911_n-1097x1536.jpg 1097w, https:\/\/clespourunavenirdurable.fr\/wp-content\/uploads\/2025\/02\/424867003_733507738869492_3662068486578975911_n.jpg 1463w\" sizes=\"(max-width: 732px) 100vw, 732px\" \/><\/figure>\n\n\n\n<p><\/p>\n\n\n\n<h4 style=\"text-align: justify;\">Permettez-moi de vous pr\u00e9senter cette introduction \u00e0&nbsp; Ibn Khald\u00fbn &#8211; par la Professeure Fadwa El Guindi, anthropologue des 4 Domaines \u00e0 l&rsquo;Universit\u00e9 de Californie \u00e0 Los Angeles (UCLA) Anciennement professeure distingu\u00e9e de l&rsquo; Universit\u00e9 du Qatar .<\/h4>\n<p><a href=\"https:\/\/orcid.org\/0000-0001-6365-101X\">https:\/\/orcid.org\/0000-0001-6365-101X<\/a><\/p>\n<p><a href=\"http:\/\/www.elnil.org\/\">http:\/\/www.elnil.org\/<\/a><\/p>\n<p><a href=\"https:\/\/ucla.academia.edu\/FadwaElGuindi\/CurriculumVitae\">https:\/\/ucla.academia.edu\/FadwaElGuindi\/CurriculumVitae<\/a><\/p>\n\n\n\n<p><\/p>\n\n\n\n<p><\/p>\n\n\n\n<div class=\"wp-block-uagb-buttons uagb-buttons__outer-wrap uagb-btn__default-btn uagb-btn-tablet__default-btn uagb-btn-mobile__default-btn uagb-block-75978018\"><div class=\"uagb-buttons__wrap uagb-buttons-layout-wrap\">\n<div class=\"wp-block-uagb-buttons-child uagb-buttons__outer-wrap uagb-block-92d6857e wp-block-button is-style-outline\"><div class=\"uagb-button__wrapper\"><a class=\"uagb-buttons-repeater wp-block-button__link has-background has-text-color\" href=\"https:\/\/clespourunavenirdurable.fr\/wp-content\/uploads\/2026\/01\/Fadwa-El-Guindi-Ibn-Khaldun.zip\" onclick=\"return true;\" rel=\"follow noopener\" target=\"_self\"><div class=\"uagb-button__link\">Ibn Khald\u00fbn : Qu\u2019\u00e9crirait-t-il sur le monde d&rsquo;aujourd&rsquo;hui ?<\/div><\/a><\/div><\/div>\n<\/div><\/div>\n\n\n\n<p><\/p>\n\n\n\n<h4 style=\"text-align: center;\">Article original en Anglais\u00a0<\/h4>\n<p style=\"text-align: center;\">https:\/\/ijls.ro\/wp-content\/uploads\/2025\/12\/IJLS6-03-ElGuindi.pdf<\/p>\n\n\n\n<p><\/p>\n\n\n\n<div class=\"wp-block-uagb-buttons uagb-buttons__outer-wrap uagb-btn__default-btn uagb-btn-tablet__default-btn uagb-btn-mobile__default-btn uagb-block-11394b5a\"><div class=\"uagb-buttons__wrap uagb-buttons-layout-wrap\"><\/div><\/div>\n\n\n\n<p><\/p>\n\n\n\n<h4 style=\"text-align: center;\">Quelques liens compl\u00e9mentaires&nbsp;<\/h4>\n<p style=\"text-align: center;\">https:\/\/www.radiofrance.fr\/franceculture\/podcasts\/questions-d-islam\/ibn-khaldun-itineraire-d-un-penseur-3746720<\/p>\n<p>&nbsp;<\/p>\n<p><div class=\"zak-oembed-container\"><iframe loading=\"lazy\" title=\"Ibn Khaldun et la th\u00e9orie de l&#039;\u00c9tat, avec Gabriel Martinez Gros\" width=\"812\" height=\"457\" src=\"https:\/\/www.youtube.com\/embed\/mBm-3AUhUeg?feature=oembed\" frameborder=\"0\" allow=\"accelerometer; autoplay; clipboard-write; encrypted-media; gyroscope; picture-in-picture; web-share\" referrerpolicy=\"strict-origin-when-cross-origin\" allowfullscreen><\/iframe><\/div><\/p>\n\n\n\n<p><\/p>\n\n\n\n<p><\/p>\n\n\n\n<p style=\"text-align: center;\">https:\/\/www.historia.fr\/histoire-du-monde\/afrique\/6-raisons-de-sinteresser-a-ibn-khaldun-penseur-original-et-audacieux-du-moyen-age-arabo-musulman-2123822<\/p>\n\n\n\n<p><\/p>\n\n\n\n<p><\/p>\n\n\n\n<p><\/p>\n","protected":false},"excerpt":{"rendered":"<p>Permettez-moi de vous pr\u00e9senter cette introduction \u00e0&nbsp; Ibn Khald\u00fbn &#8211; par la Professeure Fadwa El Guindi, anthropologue des 4 Domaines \u00e0 l&rsquo;Universit\u00e9 de Californie \u00e0 Los Angeles (UCLA) Anciennement professeure distingu\u00e9e de l&rsquo; Universit\u00e9 du Qatar . https:\/\/orcid.org\/0000-0001-6365-101X http:\/\/www.elnil.org\/ https:\/\/ucla.academia.edu\/FadwaElGuindi\/CurriculumVitae Article original en Anglais\u00a0 https:\/\/ijls.ro\/wp-content\/uploads\/2025\/12\/IJLS6-03-ElGuindi.pdf Quelques liens compl\u00e9mentaires&nbsp; https:\/\/www.radiofrance.fr\/franceculture\/podcasts\/questions-d-islam\/ibn-khaldun-itineraire-d-un-penseur-3746720 &nbsp; https:\/\/www.historia.fr\/histoire-du-monde\/afrique\/6-raisons-de-sinteresser-a-ibn-khaldun-penseur-original-et-audacieux-du-moyen-age-arabo-musulman-2123822<\/p>\n","protected":false},"author":1,"featured_media":0,"parent":0,"menu_order":0,"comment_status":"closed","ping_status":"closed","template":"","meta":{"om_disable_all_campaigns":false,"_uag_custom_page_level_css":"","_monsterinsights_skip_tracking":false,"_monsterinsights_sitenote_active":false,"_monsterinsights_sitenote_note":"","_monsterinsights_sitenote_category":0,"_uf_show_specific_survey":0,"_uf_disable_surveys":false,"footnotes":""},"aioseo_notices":[],"uagb_featured_image_src":{"full":false,"thumbnail":false,"medium":false,"medium_large":false,"large":false,"1536x1536":false,"2048x2048":false},"uagb_author_info":{"display_name":"lechev.1910@gmail.com","author_link":"https:\/\/clespourunavenirdurable.fr\/?author=1"},"uagb_comment_info":0,"uagb_excerpt":"Permettez-moi de vous pr\u00e9senter cette introduction \u00e0&nbsp; Ibn Khald\u00fbn &#8211; par la Professeure Fadwa El Guindi, anthropologue des 4 Domaines \u00e0 l&rsquo;Universit\u00e9 de Californie \u00e0 Los Angeles (UCLA) Anciennement professeure distingu\u00e9e de l&rsquo; Universit\u00e9 du Qatar . https:\/\/orcid.org\/0000-0001-6365-101X http:\/\/www.elnil.org\/ https:\/\/ucla.academia.edu\/FadwaElGuindi\/CurriculumVitae Article original en Anglais\u00a0 https:\/\/ijls.ro\/wp-content\/uploads\/2025\/12\/IJLS6-03-ElGuindi.pdf Quelques liens compl\u00e9mentaires&nbsp; https:\/\/www.radiofrance.fr\/franceculture\/podcasts\/questions-d-islam\/ibn-khaldun-itineraire-d-un-penseur-3746720 &nbsp; https:\/\/www.historia.fr\/histoire-du-monde\/afrique\/6-raisons-de-sinteresser-a-ibn-khaldun-penseur-original-et-audacieux-du-moyen-age-arabo-musulman-2123822","_links":{"self":[{"href":"https:\/\/clespourunavenirdurable.fr\/index.php?rest_route=\/wp\/v2\/pages\/8253"}],"collection":[{"href":"https:\/\/clespourunavenirdurable.fr\/index.php?rest_route=\/wp\/v2\/pages"}],"about":[{"href":"https:\/\/clespourunavenirdurable.fr\/index.php?rest_route=\/wp\/v2\/types\/page"}],"author":[{"embeddable":true,"href":"https:\/\/clespourunavenirdurable.fr\/index.php?rest_route=\/wp\/v2\/users\/1"}],"replies":[{"embeddable":true,"href":"https:\/\/clespourunavenirdurable.fr\/index.php?rest_route=%2Fwp%2Fv2%2Fcomments&post=8253"}],"version-history":[{"count":17,"href":"https:\/\/clespourunavenirdurable.fr\/index.php?rest_route=\/wp\/v2\/pages\/8253\/revisions"}],"predecessor-version":[{"id":8296,"href":"https:\/\/clespourunavenirdurable.fr\/index.php?rest_route=\/wp\/v2\/pages\/8253\/revisions\/8296"}],"wp:attachment":[{"href":"https:\/\/clespourunavenirdurable.fr\/index.php?rest_route=%2Fwp%2Fv2%2Fmedia&parent=8253"}],"curies":[{"name":"wp","href":"https:\/\/api.w.org\/{rel}","templated":true}]}}