{"id":6953,"date":"2024-01-03T10:48:18","date_gmt":"2024-01-03T10:48:18","guid":{"rendered":"https:\/\/clespourunavenirdurable.fr\/?page_id=6953"},"modified":"2024-03-19T00:32:55","modified_gmt":"2024-03-19T00:32:55","slug":"education-2","status":"publish","type":"page","link":"https:\/\/clespourunavenirdurable.fr\/?page_id=6953","title":{"rendered":"Education 2"},"content":{"rendered":"\n<p><\/p>\n\n\n\n<figure class=\"wp-block-image size-full\"><img decoding=\"async\" loading=\"lazy\" width=\"1024\" height=\"768\" src=\"https:\/\/clespourunavenirdurable.fr\/wp-content\/uploads\/2024\/03\/ENTHOUSIASME.jpg\" alt=\"\" class=\"wp-image-7458\" srcset=\"https:\/\/clespourunavenirdurable.fr\/wp-content\/uploads\/2024\/03\/ENTHOUSIASME.jpg 1024w, https:\/\/clespourunavenirdurable.fr\/wp-content\/uploads\/2024\/03\/ENTHOUSIASME-300x225.jpg 300w, https:\/\/clespourunavenirdurable.fr\/wp-content\/uploads\/2024\/03\/ENTHOUSIASME-768x576.jpg 768w\" sizes=\"(max-width: 1024px) 100vw, 1024px\" \/><\/figure>\n\n\n\n<p><\/p>\n\n\n\n<p><\/p>\n\n\n\n<h3 style=\"text-align: center;\"><em>Un Mod\u00e8le Hybride Aliment\u00e9 par les TIC et l&rsquo;Intelligence Artificielle G\u00e9n\u00e9rative pour l&rsquo;Education du Futur<\/em><\/h3>\n<h4 style=\"text-align: center;\"><strong>A<\/strong>rticle initialement paru dans \u00ab&nbsp;<a href=\"https:\/\/www.cadmusjournal.org\/\">Cadmus Journal&nbsp;<\/a>\u00bb le 6 mars 2024<\/h4>\n<p style=\"text-align: center;\"><em>sous le titre&nbsp;<\/em><\/p>\n<p style=\"text-align: center;\"><a href=\"https:\/\/www.cadmusjournal.org\/article\/volume5-issue3-p1\/ict-generative\">ICT <em>&amp; Generative Artificial Intelligence Powered Hybrid Model for Future Education<\/em><\/a><em>&nbsp;<\/em><\/p>\n<p style=\"text-align: right;\">&nbsp; <a href=\"https:\/\/www.cadmusjournal.org\/author\/amine-jaouadi\">&nbsp;Amine Djawadi<\/a>,<\/p>\n<p style=\"text-align: right;\"><em>Professeur agr\u00e9g\u00e9 de physique, ECE Paris School of Engineering, Paris, France ; Membre de l&rsquo;Acad\u00e9mie Mondiale des Arts et des Sciences<\/em><\/p>\n<p style=\"text-align: right;\">&nbsp;<a href=\"https:\/\/www.cadmusjournal.org\/author\/abderrahmane-maaradji\">&nbsp;Abderrahman Maradji<\/a><\/p>\n<p style=\"text-align: right;\"><em>Professeur associ\u00e9 de TIC, ECE Paris School of Engineering, Paris, France<\/em><\/p>\n<p>&nbsp;<\/p>\n\n\n\n<h2 style=\"text-align: center;\"><em>R\u00e9sum\u00e9<\/em><\/h2>\n<h3 style=\"text-align: justify;\">Le mod\u00e8le hybride, aliment\u00e9 par les technologies de l&rsquo;information et de la communication (TIC) pour l&rsquo;\u00e9ducation du futur, enrichi par l&rsquo;Intelligence Artificielle G\u00e9n\u00e9rative (IAG), est aujourd&rsquo;hui un mod\u00e8le d&rsquo;apprentissage \u00e9ducatif avanc\u00e9. Il combine ing\u00e9nieusement les forces des TIC et de l&rsquo;IA g\u00e9n\u00e9rative pour remodeler l&rsquo;exp\u00e9rience \u00e9ducative. De nombreux \u00e9tablissements d&rsquo;enseignement et organisations adoptent cette approche transformatrice, en harmonisant les m\u00e9thodes traditionnelles de classe avec les technologies de pointe et les innovations bas\u00e9es sur l&rsquo;IA. Dans cette \u00e9tude, nous pr\u00e9sentons une exploration approfondie de ce nouveau mod\u00e8le hybride aliment\u00e9 par les TIC et stimul\u00e9 par l&rsquo;IA g\u00e9n\u00e9rative, en diss\u00e9quant ses composants complexes. Nous nous effor\u00e7ons de d\u00e9m\u00ealer les avantages qu&rsquo;il conf\u00e8re aux \u00e9tudiants et aux \u00e9ducateurs, en tentant de r\u00e9pondre \u00e0 la question centrale : quelle valeur ajout\u00e9e ce mod\u00e8le hybride apporte-t-il \u00e0 l&rsquo;\u00e9ducation ? Nous nous lan\u00e7ons dans une \u00e9num\u00e9ration m\u00e9ticuleuse des divers d\u00e9fis rencontr\u00e9s sur le chemin de la mise en \u0153uvre de ce mod\u00e8le moderne. De plus, nous soulignons les consid\u00e9rations essentielles que les parties prenantes doivent prendre en compte lors du d\u00e9ploiement efficace de cette \u00e9volution de l&rsquo;\u00e9ducation.<\/h3>\n<p>&nbsp;<\/p>\n\n\n\n<div class=\"wp-block-uagb-buttons uagb-buttons__outer-wrap uagb-btn__default-btn uagb-btn-tablet__default-btn uagb-btn-mobile__default-btn uagb-block-5d5dafc4\"><div class=\"uagb-buttons__wrap uagb-buttons-layout-wrap\">\n<div class=\"wp-block-uagb-buttons-child uagb-buttons__outer-wrap uagb-block-4431f521 wp-block-button is-style-outline\"><div class=\"uagb-button__wrapper\"><a class=\"uagb-buttons-repeater wp-block-button__link has-background has-text-color\" href=\"https:\/\/clespourunavenirdurable.fr\/wp-content\/uploads\/2024\/03\/Un-Modele-Hybride-Alimente-par-les-TIC-IA-1.zip\" onclick=\"return true;\" rel=\"follow noopener\" target=\"_self\"><div class=\"uagb-button__link\">T\u00e9l\u00e9chargement du PDF <\/div><\/a><\/div><\/div>\n\n\n\n<div class=\"wp-block-uagb-buttons-child uagb-buttons__outer-wrap uagb-block-b719fb29 wp-block-button is-style-outline\"><div class=\"uagb-button__wrapper\"><a class=\"uagb-buttons-repeater wp-block-button__link has-background has-text-color\" href=\"https:\/\/clespourunavenirdurable.fr\/wp-content\/uploads\/2024\/03\/Amine-Jaouadi.zip\" onclick=\"return true;\" rel=\"follow noopener\" target=\"_self\"><div class=\"uagb-button__link\">Pr\u00e9sentation des auteurs <\/div><\/a><\/div><\/div>\n<\/div><\/div>\n\n\n\n<p><\/p>\n\n\n\n<p><\/p>\n\n\n\n<p><\/p>\n\n\n\n<p><\/p>\n\n\n\n<p><\/p>\n\n\n\n<h3 style=\"text-align: center;\">Education<\/h3>\n<p>&nbsp;<\/p>\n<h3 style=\"text-align: justify;\">Le processus d&rsquo;apprentissage devrait consid\u00e9rer la s\u00e9curit\u00e9 humaine comme faisant partie int\u00e9grante des mod\u00e8les \u00e9ducatifs et des paradigmes de d\u00e9veloppement existants<\/h3>\n<p>&nbsp;<\/p>\n<h3 style=\"text-align: justify;\">Il ne fait aucun doute que la pauvret\u00e9, l&rsquo;in\u00e9galit\u00e9 et les d\u00e9s\u00e9quilibres \u00e9conomiques sont \u00e0 l&rsquo;origine de la violence extr\u00eame et de nombreuses autres formes de fragilit\u00e9 humaine. Par cons\u00e9quent, l&rsquo;\u00e9ducation doit \u00eatre en phase avec les causes profondes et les solutions correctives si nous voulons parvenir \u00e0 un d\u00e9veloppement inclusif et durable<\/h3>\n<p>&nbsp;<\/p>\n\n\n\n<figure class=\"wp-block-image size-full is-resized\"><img decoding=\"async\" loading=\"lazy\" src=\"https:\/\/clespourunavenirdurable.fr\/wp-content\/uploads\/2024\/02\/426809293_733099745576958_5652222680113694955_n.jpg\" alt=\"\" class=\"wp-image-7375\" width=\"760\" height=\"1064\" srcset=\"https:\/\/clespourunavenirdurable.fr\/wp-content\/uploads\/2024\/02\/426809293_733099745576958_5652222680113694955_n.jpg 672w, https:\/\/clespourunavenirdurable.fr\/wp-content\/uploads\/2024\/02\/426809293_733099745576958_5652222680113694955_n-214x300.jpg 214w\" sizes=\"(max-width: 760px) 100vw, 760px\" \/><\/figure>\n\n\n\n<h2>&nbsp;<\/h2>\n<h2 style=\"text-align: center;\"><em>Vers un \u00ab tournant Vital \u00bb dans l&rsquo;\u00e9ducation : une Exp\u00e9rience de la Pens\u00e9e<\/em><\/h2>\n<h4 style=\"text-align: center;\"><em>Article initialement paru le 31 juillet 2023 dans \u00ab Cadmus Journal \u00bb <\/em><\/h4>\n<p>&nbsp;<\/p>\n<h4 style=\"text-align: center;\">Auteure :&nbsp;<a href=\"https:\/\/www.cadmusjournal.org\/author\/olivia-bina\"><em>Olivia Bina<\/em><\/a><\/h4>\n<p style=\"text-align: right;\"><em>Institut des sciences sociales, Universit\u00e9 de Lisbonne, Portugal&nbsp;; Membre de l&rsquo;Acad\u00e9mie Mondiale des Arts et des Sciences<\/em><\/p>\n<p>&nbsp;<\/p>\n\n\n\n<h2 style=\"text-align: center;\">R\u00e9sum\u00e9<\/h2>\n<h3 style=\"text-align: justify;\">Cet article explore la n\u00e9cessit\u00e9 d&rsquo;un changement transformateur dans les \u00e9tablissements d&rsquo;enseignement sup\u00e9rieur (EES) pour aider \u00e0 faire face \u00e0 la complexit\u00e9 et au risque existentiel r\u00e9sultant de multiples crises interconnect\u00e9es. Premi\u00e8rement, il reconna\u00eet que le rythme et l&rsquo;orientation du changement dans les \u00e9tablissements d&rsquo;enseignement sup\u00e9rieur ont \u00e9t\u00e9 inad\u00e9quats et que, malgr\u00e9 des obstacles et des catalyseurs bien rod\u00e9s, il reste encore beaucoup \u00e0 faire pour garantir que les \u00e9tablissements d&rsquo;enseignement sup\u00e9rieur puissent assurer la s\u00e9curit\u00e9 humaine. Il explore ensuite les appels croissants \u00e0 une ren\u00e9gociation de la relation homme-nature (HNR) et \u00e0 une prise de conscience et un respect renouvel\u00e9s pour toutes les formes de vie sur Terre, soulignant qu&rsquo;une pens\u00e9e audacieuse et un d\u00e9part de la culture dominante qui ne tient pas compte de la vie sont n\u00e9cessaires de toute urgence. De tels appels pourraient \u00eatre au c\u0153ur d&rsquo;une r\u00e9orientation de l&rsquo;apprentissage et de l&rsquo;\u00e9ducation qui consid\u00e8re la s\u00e9curit\u00e9 humaine comme intrins\u00e8quement li\u00e9e \u00e0 la s\u00e9curit\u00e9 de toute vie et de tous les syst\u00e8mes vitaux. Enfin, il s&rsquo;appuie sur les notions de th\u00e9orie du changement syst\u00e9mique li\u00e9es \u00e0 l&rsquo;effet de levier de Donella Meadows et utilise le dispositif d&rsquo;une \u00ab exp\u00e9rience de pens\u00e9e \u00bb pour identifier trois questions pour le pr\u00e9sent et l&rsquo;avenir des \u00e9tablissements d&rsquo;enseignement sup\u00e9rieur, en r\u00e9sonance avec les trois points de levier les plus \u00e9lev\u00e9s de Meadows.<\/h3>\n<p>&nbsp;<\/p>\n\n\n\n<div class=\"wp-block-buttons is-content-justification-center is-layout-flex wp-container-1\">\n<div class=\"wp-block-button has-custom-width wp-block-button__width-50 has-custom-font-size has-medium-font-size\"><a class=\"wp-block-button__link has-white-color has-vivid-red-background-color has-text-color has-background has-text-align-center wp-element-button\" href=\"https:\/\/clespourunavenirdurable.fr\/wp-content\/uploads\/2024\/01\/EDUCATION-LIFE-TURN.pdf\" style=\"border-radius:71px;padding-top:var(--wp--preset--spacing--40);padding-right:var(--wp--preset--spacing--40);padding-bottom:var(--wp--preset--spacing--40);padding-left:var(--wp--preset--spacing--40)\">T\u00e9l\u00e9chargement du PDF<\/a><\/div>\n<\/div>\n\n\n\n<p><\/p>\n\n\n\n<p><\/p>\n\n\n\n<p><\/p>\n\n\n\n<h2>&nbsp;<\/h2>\n<h2 style=\"text-align: center;\"><em>Education et S\u00e9curit\u00e9 Humaine<\/em><\/h2>\n<p>&nbsp;<\/p>\n<h3 style=\"text-align: center;\"><em>Article initialement paru dans \u00ab\u00a0Cadmus Journal\u00a0\u00bb le 31 Juillet 2023<\/em><\/h3>\n<p>&nbsp;<\/p>\n<h4 style=\"text-align: right;\">Auteure : Irina Bokova<\/h4>\n\n\n\n<p><\/p>\n\n\n\n<p><\/p>\n\n\n\n<h3 style=\"text-align: center;\"><strong>R\u00e9sum\u00e9 <\/strong><\/h3>\n<h3 style=\"text-align: justify;\">L&rsquo;importance de la s\u00e9curit\u00e9 humaine a toujours \u00e9t\u00e9 une pr\u00e9occupation pour l&rsquo;Acad\u00e9mie Mondiale des Arts et des Sciences (AMAS -WAAS), qui a servi de plate-forme pour le d\u00e9bat intellectuel et l&rsquo;\u00e9change d&rsquo;id\u00e9es au niveau mondial. L\u2019AMAS (WAAS) a influenc\u00e9 la compr\u00e9hension du d\u00e9veloppement au-del\u00e0 de la croissance \u00e9conomique, en pr\u00e9conisant de mettre l&rsquo;accent sur les opportunit\u00e9s et les choix des gens. Elle a jou\u00e9 un r\u00f4le important dans le soutien du Programme de D\u00e9veloppement Durable \u00e0 l&rsquo;horizon 2030 des Nations Unies, qui approfondit la compr\u00e9hension du d\u00e9veloppement humain et de la s\u00e9curit\u00e9. Les crises actuelles, telles que la COVID-19, la guerre en Ukraine et le changement climatique, soulignent la n\u00e9cessit\u00e9 d&rsquo;adopter des approches globales pour renforcer la s\u00e9curit\u00e9, les droits de l&rsquo;homme et le d\u00e9veloppement durable dans le monde entier. L&rsquo;\u00e9ducation est essentielle pour atteindre ces objectifs en promouvant l&rsquo;apprentissage, l&rsquo;innovation, la diversit\u00e9 et la pens\u00e9e critique. Le d\u00e9veloppement durable exige un engagement renouvel\u00e9 en faveur de l&rsquo;\u00e9ducation en tant qu&rsquo;entreprise publique qui recoupe tous les Objectifs de D\u00e9veloppement Durable (ODD). L&rsquo;\u00e9ducation \u00e0 la citoyennet\u00e9 mondiale est essentielle pour promouvoir le d\u00e9veloppement durable et promouvoir des valeurs telles que les droits de l&rsquo;homme, la paix et la diversit\u00e9 culturelle. Les universit\u00e9s jouent un r\u00f4le essentiel dans la cr\u00e9ation d&rsquo;environnements d&rsquo;apprentissage qui favorisent les comp\u00e9tences n\u00e9cessaires pour atteindre les ODD et relever les d\u00e9fis mondiaux par l&rsquo;enseignement et la recherche. Leur fonction va au-del\u00e0 de la pr\u00e9paration des individus au march\u00e9 du travail et s&rsquo;\u00e9tend \u00e0 la formation des valeurs et de la citoyennet\u00e9 mondiale. En fin de compte, l&rsquo;\u00e9ducation joue un r\u00f4le transformateur dans la r\u00e9alisation de la s\u00e9curit\u00e9 humaine.<\/h3>\n<p>&nbsp;<\/p>\n\n\n\n<p><\/p>\n\n\n\n<div class=\"wp-block-buttons is-content-justification-center is-layout-flex wp-container-2\">\n<div class=\"wp-block-button\"><a class=\"wp-block-button__link has-white-color has-vivid-red-background-color has-text-color has-background wp-element-button\" href=\"https:\/\/clespourunavenirdurable.fr\/wp-content\/uploads\/2024\/01\/Education-et-securite-humaine-FO-1.pdf\" style=\"border-radius:100px\">T\u00e9l\u00e9chargement du PDF <\/a><\/div>\n<\/div>\n\n\n\n<p><\/p>\n\n\n\n<div class=\"wp-block-buttons is-content-justification-center is-layout-flex wp-container-3\">\n<div class=\"wp-block-button\"><a class=\"wp-block-button__link has-white-color has-vivid-red-background-color has-text-color has-background wp-element-button\" href=\"https:\/\/clespourunavenirdurable.fr\/wp-content\/uploads\/2024\/01\/Irina-Bokova.pdf\" style=\"border-radius:100px\">Pr\u00e9sentation de l&rsquo;auteure <\/a><\/div>\n<\/div>\n\n\n\n<p><\/p>\n\n\n\n<figure class=\"wp-block-image size-large is-resized\"><img decoding=\"async\" loading=\"lazy\" src=\"https:\/\/clespourunavenirdurable.fr\/wp-content\/uploads\/2024\/03\/FACULTE-DE-FORMATION-DANS-LE-MENTAL-683x1024.jpg\" alt=\"\" class=\"wp-image-7466\" width=\"760\" height=\"1139\" srcset=\"https:\/\/clespourunavenirdurable.fr\/wp-content\/uploads\/2024\/03\/FACULTE-DE-FORMATION-DANS-LE-MENTAL-683x1024.jpg 683w, https:\/\/clespourunavenirdurable.fr\/wp-content\/uploads\/2024\/03\/FACULTE-DE-FORMATION-DANS-LE-MENTAL-200x300.jpg 200w, https:\/\/clespourunavenirdurable.fr\/wp-content\/uploads\/2024\/03\/FACULTE-DE-FORMATION-DANS-LE-MENTAL-768x1152.jpg 768w, https:\/\/clespourunavenirdurable.fr\/wp-content\/uploads\/2024\/03\/FACULTE-DE-FORMATION-DANS-LE-MENTAL.jpg 980w\" sizes=\"(max-width: 760px) 100vw, 760px\" \/><\/figure>\n\n\n\n<p><\/p>\n\n\n\n<h2>&nbsp;<\/h2>\n<h2 style=\"text-align: justify;\"><em>Note d&rsquo;orientation sur l&rsquo;\u00e9ducat<\/em>ion pour la s\u00e9curit\u00e9 humaine<\/h2>\n<h4 style=\"text-align: center;\">Article publi\u00e9 dans \u00ab<a href=\"https:\/\/www.cadmusjournal.org\/\">&nbsp;The Cadmus Journal&nbsp;<\/a>\u00bb, le 31\/07\/ 2023<\/h4>\n<p style=\"text-align: center;\">sous le titre<\/p>\n<h3 id=\"page-title\" style=\"text-align: center;\"><a href=\"_wp_link_placeholder\" data-wplink-edit=\"true\"><em>Education for Human Security Policy Brief<\/em><\/a><\/h3>\n<p>Auteur(e)s<\/p>\n<p style=\"text-align: right;\"><a href=\"https:\/\/www.cadmusjournal.org\/author\/janani-ramanathan\">Janani Ramanathan<\/a><\/p>\n<p style=\"text-align: right;\"><em>Administratrice de l&rsquo;Acad\u00e9mie Mondiale des Arts et des Sciences ; Analyste de recherche principale, The Mother&rsquo;s Service Society ; Conseil d&rsquo;Administration, Consortium Universitaire Mondial <\/em><\/p>\n<p style=\"text-align: right;\"><a href=\"https:\/\/www.cadmusjournal.org\/author\/garry-jacobs\">Garry Jacobs<\/a><\/p>\n<p style=\"text-align: right;\"><em>Pr\u00e9sident et&nbsp; Directeur, Acad\u00e9mie Mondiale des Arts et des Sciences ; PDG et Pr\u00e9sident du Conseil d&rsquo;Administration, World University Consortium ; Membre international, Club de Rome ; Pr\u00e9sident, The Mother&rsquo;s Service Society, Pondich\u00e9ry, Inde<\/em><em>.<\/em><\/p>\n\n\n\n<p><\/p>\n\n\n\n<p><\/p>\n\n\n\n<div class=\"wp-block-uagb-buttons uagb-buttons__outer-wrap uagb-btn__default-btn uagb-btn-tablet__default-btn uagb-btn-mobile__default-btn uagb-block-88cb5845\"><div class=\"uagb-buttons__wrap uagb-buttons-layout-wrap\">\n<div class=\"wp-block-uagb-buttons-child uagb-buttons__outer-wrap uagb-block-ab2bdafa wp-block-button is-style-outline\"><div class=\"uagb-button__wrapper\"><a class=\"uagb-buttons-repeater wp-block-button__link has-background has-text-color\" href=\"https:\/\/clespourunavenirdurable.fr\/wp-content\/uploads\/2024\/02\/1.RENFORCER-LES-LIENS-FO-1.pdf\" onclick=\"return true;\" rel=\"follow noopener\" target=\"_self\"><div class=\"uagb-button__link\">T\u00e9l\u00e9chargement du PDF<\/div><\/a><\/div><\/div>\n\n\n\n<div class=\"wp-block-uagb-buttons-child uagb-buttons__outer-wrap uagb-block-23b8e150 wp-block-button is-style-outline\"><div class=\"uagb-button__wrapper\"><a class=\"uagb-buttons-repeater wp-block-button__link has-background has-text-color\" href=\"https:\/\/clespourunavenirdurable.fr\/wp-content\/uploads\/2024\/02\/Ramanathan-Jacobs.pdf\" onclick=\"return true;\" rel=\"follow noopener\" target=\"_self\"><div class=\"uagb-button__link\">Pr\u00e9sentation des auteur(e)s<\/div><\/a><\/div><\/div>\n<\/div><\/div>\n\n\n\n<h2>&nbsp;<\/h2>\n<h2 style=\"text-align: center;\"><em>R\u00e9sum\u00e9<\/em><\/h2>\n<h3 style=\"text-align: justify;\">Dans ce document, nous pr\u00e9sentons une analyse critique approfondie et des r\u00e9flexions sur la mani\u00e8re dont la technologie, l&rsquo;innovation et la culture num\u00e9rique peuvent contribuer \u00e0 faire prendre conscience de la n\u00e9cessit\u00e9 d&rsquo;une nouvelle dimension et d&rsquo;une nouvelle approche pour favoriser une attitude transformationnelle \u00e0 l&rsquo;\u00e9gard de l&rsquo;\u00e9ducation. L&rsquo;apprentissage est le moteur du changement, et si nous voulons avoir un impact, il est n\u00e9cessaire de permettre la collaboration entre diff\u00e9rentes disciplines afin que de nouveaux mod\u00e8les \u00e9ducatifs transformateurs puissent \u00e9merger. Au centre de notre analyse, nous identifions le r\u00f4le de la p\u00e9dagogie et la mani\u00e8re dont elle peut contribuer \u00e0 mettre en avant les humains en tant qu&rsquo;acteurs centraux et critiques dans l&rsquo;utilisation des sciences, des technologies et des innovations (STI) pour favoriser la s\u00e9curit\u00e9 humaine. Nous explorons le r\u00f4le critique des \u00e9tablissements d&rsquo;enseignement sup\u00e9rieur (EES) et leur engagement avec la science, la technologie et l&rsquo;innovation dans la recherche d&rsquo;une transformation \u00e9ducative qui soutienne des environnements d&rsquo;apprentissage multiculturels, diversifi\u00e9s et inclusifs dans les principes de l&rsquo;engagement et de la coh\u00e9sion sociale qui nous guident vers les principes de la s\u00e9curit\u00e9 humaine.<\/h3>\n\n\n\n<p><\/p>\n\n\n\n<p><\/p>\n\n\n\n<p><\/p>\n\n\n\n<h2 style=\"text-align: center;\"><em>Une Education \u00e0 la Sant\u00e9, Efficace et Centr\u00e9e sur les Personnes, pour la S\u00e9curit\u00e9 Humaine<\/em><\/h2>\n<p>&nbsp;<\/p>\n<h4 style=\"text-align: center;\"><em>Article initialement publi\u00e9 dans \u2018The Cadmus Journal\u201d le 31\/07\/2023 <\/em><\/h4>\n<h4 style=\"text-align: center;\"><em>sous le titre&nbsp;<\/em><\/h4>\n<p style=\"text-align: center;\"><span class=\"title\"><a href=\"https:\/\/www.cadmusjournal.org\/article\/volume-5-issue-2\/people-centered-health-education-for-hs\">Effective People Centered Health Education for Human Security<\/a> <\/span><\/p>\n<h5 style=\"text-align: right;\"><em> &nbsp;&nbsp; &nbsp;&nbsp; &nbsp;&nbsp; &nbsp;&nbsp; &nbsp;&nbsp; &nbsp;&nbsp; &nbsp;&nbsp; &nbsp;&nbsp; &nbsp;&nbsp; &nbsp; &nbsp; &nbsp; &nbsp; &nbsp; &nbsp; &nbsp; &nbsp; &nbsp; &nbsp; &nbsp; &nbsp; &nbsp; <\/em><a href=\"https:\/\/www.cadmusjournal.org\/author\/alberto-zucconi\">Alberto Zucconi<\/a><\/h5>\n<p style=\"text-align: right;\"><em>Psychologue clinicien&nbsp;; Pr\u00e9sident de l&rsquo;Institut de l&rsquo;approche centr\u00e9e sur la personne&nbsp;; Pr\u00e9sident du conseil d&rsquo;administration de l&rsquo;Acad\u00e9mie mondiale des arts et des sciences<\/em><\/p>\n<p>&nbsp;<\/p>\n\n\n\n<h2>\u00a0<\/h2>\n<h2 style=\"text-align: center;\"><em>R\u00e9sum\u00e9<\/em><\/h2>\n<h3 style=\"text-align: justify;\">Tout le monde doit s&rsquo;\u00e9veiller \u00e0 la r\u00e9alit\u00e9 de l&rsquo;Anthropoc\u00e8ne. \u00c0 l&rsquo;heure actuelle, l&rsquo;humanit\u00e9 semble mal \u00e9quip\u00e9e pour faire face efficacement aux probl\u00e8mes croissants qu&rsquo;elle a elle-m\u00eame cr\u00e9\u00e9s\u00a0; nous avons un besoin urgent de mettre \u00e0 jour et d&rsquo;am\u00e9liorer la fa\u00e7on dont nous \u00e9duquons et formons les gens car, \u00e0 l&rsquo;heure actuelle, leurs comp\u00e9tences pour voir les probl\u00e8mes que nous avons cr\u00e9\u00e9s et trouver des moyens efficaces d&rsquo;y faire face sont gravement insuffisantes et\/ou obsol\u00e8tes. Les sc\u00e9narios sur notre plan\u00e8te se d\u00e9t\u00e9riorent rapidement, et pour aider les gens \u00e0 faire face aux urgences croissantes, nous devons les aider \u00e0 relever le d\u00e9fi. Nous devons cr\u00e9er un plan Marshall de comp\u00e9tences, un nouveau paradigme de l&rsquo;\u00e9ducation, en dotant chacun des comp\u00e9tences n\u00e9cessaires dans la fa\u00e7on dont nous voyons, dont nous savons et dont nous appliquons correctement nos connaissances. Plus que tout, nous devons apprendre de nouvelles fa\u00e7ons d&rsquo;\u00eatre.<\/h3>\n\n\n\n<p><\/p>\n\n\n\n<p><\/p>\n\n\n\n<div class=\"wp-block-uagb-buttons uagb-buttons__outer-wrap uagb-btn__default-btn uagb-btn-tablet__default-btn uagb-btn-mobile__default-btn uagb-block-26771220\"><div class=\"uagb-buttons__wrap uagb-buttons-layout-wrap\">\n<div class=\"wp-block-uagb-buttons-child uagb-buttons__outer-wrap uagb-block-e732da22 wp-block-button is-style-outline\"><div class=\"uagb-button__wrapper\"><a class=\"uagb-buttons-repeater wp-block-button__link has-background has-text-color\" href=\"https:\/\/clespourunavenirdurable.fr\/wp-content\/uploads\/2024\/02\/Une-Education-a-la-Sante-Efficace-et-Centree-sur-les-Personnes-pour-la-Securite-Humaine2.pdf\" onclick=\"return true;\" rel=\"follow noopener\" target=\"_self\"><div class=\"uagb-button__link\">T\u00e9l\u00e9chargement du PDF<\/div><\/a><\/div><\/div>\n\n\n\n<div class=\"wp-block-uagb-buttons-child uagb-buttons__outer-wrap uagb-block-b4e7138c wp-block-button is-style-outline\"><div class=\"uagb-button__wrapper\"><a class=\"uagb-buttons-repeater wp-block-button__link has-background has-text-color\" href=\"https:\/\/clespourunavenirdurable.fr\/wp-content\/uploads\/2024\/02\/Zucconi.pdf\" onclick=\"return true;\" rel=\"follow noopener\" target=\"_self\"><div class=\"uagb-button__link\">Pr\u00e9sentation de l&rsquo;auteur<\/div><\/a><\/div><\/div>\n<\/div><\/div>\n\n\n\n<p><\/p>\n\n\n\n<p><\/p>\n\n\n\n<p><\/p>\n\n\n\n<p><\/p>\n\n\n\n<p><\/p>\n\n\n\n<p><\/p>\n\n\n\n<p><\/p>\n","protected":false},"excerpt":{"rendered":"<p>Un Mod\u00e8le Hybride Aliment\u00e9 par les TIC et l&rsquo;Intelligence Artificielle G\u00e9n\u00e9rative pour l&rsquo;Education du Futur Article initialement paru dans \u00ab&nbsp;Cadmus Journal&nbsp;\u00bb le 6 mars 2024 sous le titre&nbsp; ICT &amp; Generative Artificial Intelligence Powered Hybrid Model for Future Education&nbsp; &nbsp; &nbsp;Amine Djawadi, Professeur agr\u00e9g\u00e9 de physique, ECE Paris School of Engineering, Paris, France ; Membre [&hellip;]<\/p>\n","protected":false},"author":1,"featured_media":0,"parent":0,"menu_order":0,"comment_status":"closed","ping_status":"closed","template":"","meta":{"om_disable_all_campaigns":false,"_uag_custom_page_level_css":"","_monsterinsights_skip_tracking":false,"_monsterinsights_sitenote_active":false,"_monsterinsights_sitenote_note":"","_monsterinsights_sitenote_category":0,"_uf_show_specific_survey":0,"_uf_disable_surveys":false,"footnotes":""},"aioseo_notices":[],"uagb_featured_image_src":{"full":false,"thumbnail":false,"medium":false,"medium_large":false,"large":false,"1536x1536":false,"2048x2048":false},"uagb_author_info":{"display_name":"lechev.1910@gmail.com","author_link":"https:\/\/clespourunavenirdurable.fr\/?author=1"},"uagb_comment_info":0,"uagb_excerpt":"Un Mod\u00e8le Hybride Aliment\u00e9 par les TIC et l&rsquo;Intelligence Artificielle G\u00e9n\u00e9rative pour l&rsquo;Education du Futur Article initialement paru dans \u00ab&nbsp;Cadmus Journal&nbsp;\u00bb le 6 mars 2024 sous le titre&nbsp; ICT &amp; Generative Artificial Intelligence Powered Hybrid Model for Future Education&nbsp; &nbsp; &nbsp;Amine Djawadi, Professeur agr\u00e9g\u00e9 de physique, ECE Paris School of Engineering, Paris, France ; Membre\u2026","_links":{"self":[{"href":"https:\/\/clespourunavenirdurable.fr\/index.php?rest_route=\/wp\/v2\/pages\/6953"}],"collection":[{"href":"https:\/\/clespourunavenirdurable.fr\/index.php?rest_route=\/wp\/v2\/pages"}],"about":[{"href":"https:\/\/clespourunavenirdurable.fr\/index.php?rest_route=\/wp\/v2\/types\/page"}],"author":[{"embeddable":true,"href":"https:\/\/clespourunavenirdurable.fr\/index.php?rest_route=\/wp\/v2\/users\/1"}],"replies":[{"embeddable":true,"href":"https:\/\/clespourunavenirdurable.fr\/index.php?rest_route=%2Fwp%2Fv2%2Fcomments&post=6953"}],"version-history":[{"count":42,"href":"https:\/\/clespourunavenirdurable.fr\/index.php?rest_route=\/wp\/v2\/pages\/6953\/revisions"}],"predecessor-version":[{"id":7764,"href":"https:\/\/clespourunavenirdurable.fr\/index.php?rest_route=\/wp\/v2\/pages\/6953\/revisions\/7764"}],"wp:attachment":[{"href":"https:\/\/clespourunavenirdurable.fr\/index.php?rest_route=%2Fwp%2Fv2%2Fmedia&parent=6953"}],"curies":[{"name":"wp","href":"https:\/\/api.w.org\/{rel}","templated":true}]}}