{"id":3709,"date":"2023-02-27T12:30:39","date_gmt":"2023-02-27T12:30:39","guid":{"rendered":"https:\/\/clespourunavenirdurable.fr\/?page_id=3709"},"modified":"2024-03-07T12:15:33","modified_gmt":"2024-03-07T12:15:33","slug":"gouvernance","status":"publish","type":"page","link":"https:\/\/clespourunavenirdurable.fr\/?page_id=3709","title":{"rendered":"Gouvernance"},"content":{"rendered":"\n<p><\/p>\n\n\n\n<figure class=\"wp-block-image aligncenter size-large is-resized\"><img decoding=\"async\" loading=\"lazy\" src=\"https:\/\/clespourunavenirdurable.fr\/wp-content\/uploads\/2024\/03\/DESCENTE-DE-LA-LUMIERE-1-682x1024.jpg\" alt=\"\" class=\"wp-image-7490\" width=\"760\" height=\"1141\" srcset=\"https:\/\/clespourunavenirdurable.fr\/wp-content\/uploads\/2024\/03\/DESCENTE-DE-LA-LUMIERE-1-682x1024.jpg 682w, https:\/\/clespourunavenirdurable.fr\/wp-content\/uploads\/2024\/03\/DESCENTE-DE-LA-LUMIERE-1-200x300.jpg 200w, https:\/\/clespourunavenirdurable.fr\/wp-content\/uploads\/2024\/03\/DESCENTE-DE-LA-LUMIERE-1-768x1153.jpg 768w, https:\/\/clespourunavenirdurable.fr\/wp-content\/uploads\/2024\/03\/DESCENTE-DE-LA-LUMIERE-1.jpg 980w\" sizes=\"(max-width: 760px) 100vw, 760px\" \/><\/figure>\n\n\n\n<p><\/p>\n\n\n\n<h2 style=\"text-align: center;\"><em>Vers un nouveau paradigme de gouvernance mondiale<\/em><\/h2>\n<p><em>Article initialement paru dans \u2018<a href=\"https:\/\/www.cadmusjournal.org\/\">The Cadmus Journal&nbsp;<\/a>\u00bb le 11 Mai 2019 <\/em><\/p>\n<p style=\"text-align: center;\"><em>sous le titre<\/em>&nbsp;<\/p>\n<p style=\"text-align: center;\"><em>toward-new-paradigm-world-governance<\/em><\/p>\n<p style=\"text-align: center;\"><a href=\"https:\/\/www.cadmusjournal.org\/author\/fadwa-el-guindi\">Fadwa El Guindi<\/a><\/p>\n\n\n\n<p><\/p>\n\n\n\n<h3 style=\"text-align: center;\"><em><strong>R\u00e9sum\u00e9 <\/strong><\/em><\/h3>\n<h4 style=\"text-align: justify;\">L&rsquo;article pr\u00e9sente une analyse critique de l&rsquo;ordre existant du mondialisme, qui impose des valeurs et des constructions occidentales \u00e0 l&rsquo;univers humain. Cela conduit \u00e0 son tour \u00e0 des r\u00e9sultats n\u00e9gatifs. Ce qui produit des tensions, des guerres, des conflits et des divisions raciales et culturelles. Alternativement, cette analyse rassemble des id\u00e9es de la vision \u00e9gyptienne ancienne de l&rsquo;ordre mondial et de la stabilit\u00e9 universelle avec des modes de gouvernance exp\u00e9rimentaux contemporains, tels que repr\u00e9sent\u00e9s par le mod\u00e8le \u00e9gyptien post-r\u00e9volution (2011-2013). Le type innovant de gouvernance qu&rsquo;incarne le mod\u00e8le est n\u00e9 de l&rsquo;identit\u00e9 historique de l&rsquo;\u00c9gypte, du caract\u00e8re national des \u00c9gyptiens et du tissu soci\u00e9tal unique de diversit\u00e9 int\u00e9gr\u00e9e qui rejette l&rsquo;extr\u00e9misme et les mod\u00e8les impos\u00e9s par l&rsquo;Occident. Cet article invoque \u00e9galement quelques id\u00e9es sur les conceptualisations de la gouvernance en provenance de Chine, pour proposer une voie hors du commun et une nouvelle voie paradigmatique.<\/h4>\n\n\n\n<p><\/p>\n\n\n\n<p><\/p>\n\n\n\n<div class=\"wp-block-uagb-buttons uagb-buttons__outer-wrap uagb-btn__default-btn uagb-btn-tablet__default-btn uagb-btn-mobile__default-btn uagb-block-ff179460\"><div class=\"uagb-buttons__wrap uagb-buttons-layout-wrap\">\n<div class=\"wp-block-uagb-buttons-child uagb-buttons__outer-wrap uagb-block-44a29b2f wp-block-button is-style-outline\"><div class=\"uagb-button__wrapper\"><a class=\"uagb-buttons-repeater wp-block-button__link has-background has-text-color\" href=\"https:\/\/clespourunavenirdurable.fr\/wp-content\/uploads\/2024\/03\/Vers-un-nouveau-paradigme-de-gouvernance-mondiale-1.pdf\" onclick=\"return true;\" rel=\"follow noopener\" target=\"_self\"><div class=\"uagb-button__link\">T\u00e9l\u00e9chargement du PDF<\/div><\/a><\/div><\/div>\n\n\n\n<div class=\"wp-block-uagb-buttons-child uagb-buttons__outer-wrap uagb-block-81e9dca4 wp-block-button is-style-outline\"><div class=\"uagb-button__wrapper\"><a class=\"uagb-buttons-repeater wp-block-button__link has-background has-text-color\" href=\"https:\/\/clespourunavenirdurable.fr\/wp-content\/uploads\/2024\/03\/Fadwa-El-Guindi-BIO-1.pdf\" onclick=\"return true;\" rel=\"follow noopener\" target=\"_self\"><div class=\"uagb-button__link\">Pr\u00e9sentation de l&rsquo;auteure<\/div><\/a><\/div><\/div>\n<\/div><\/div>\n\n\n\n<p><\/p>\n\n\n\n<p><\/p>\n\n\n\n<p>&nbsp;<\/p>\n<h3 style=\"text-align: center;\"><em>Le Roi est mort \u2026 Vive le Roi : une Th\u00e9orie Concernant la Vague Actuelle d&rsquo;Autoritarisme<\/em><\/h3>\n<h4 style=\"text-align: center;\"><br>Article initialement paru dans la revue \u00ab Eruditio \u00bb le 15 avril 2021<\/h4>\n<h4 style=\"text-align: center;\">sous le titre<\/h4>\n<h4 style=\"text-align: center;\"><br><em>The King is Dead\u2026Long Live the King: A Theory Concerning the Current Wave of Authoritarianism<\/em><\/h4>\n<h4>&nbsp;<\/h4>\n<h4 style=\"text-align: center;\">Auteur : David Norris<br>Consultant, facilitateur et coach international<\/h4>\n\n\n\n<p><\/p>\n\n\n\n<h4>&nbsp;<\/h4>\n<h3 style=\"text-align: center;\"><strong><em>R\u00e9sum\u00e9<\/em><\/strong><\/h3>\n<h4 style=\"text-align: justify;\"><br>Il n&rsquo;y a pas si longtemps, il semblait que la marche de la d\u00e9mocratie lib\u00e9rale occidentale \u00e9tait imparable ; Comme si ce n&rsquo;\u00e9tait qu&rsquo;une question de temps avant que tous les despotes de la plan\u00e8te ne soient remplac\u00e9s par un parlement qui fonctionne bien, prot\u00e9g\u00e9 par une constitution bien \u00e9crite. Il semblait que la primaut\u00e9 du droit finirait in\u00e9vitablement par remplacer la domination des hommes. Quelque chose semble avoir chang\u00e9. L&rsquo;autoritarisme semble maintenant prosp\u00e9rer, non seulement dans les r\u00e9gions pr\u00e9visibles du monde comme l&rsquo;Asie, l&rsquo;Am\u00e9rique du Sud et l&rsquo;Afrique, mais aussi dans les bastions pr\u00e9sum\u00e9s de la d\u00e9mocratie comme l&rsquo;Europe et m\u00eame les \u00c9tats-Unis. Que se passe-t-il? Cet article propose une th\u00e9orie pour expliquer ce ph\u00e9nom\u00e8ne. Il commence par distinguer la peur de l&rsquo;anxi\u00e9t\u00e9 et souligne la fa\u00e7on dont les dirigeants tyranniques confondent les deux pour manipuler leurs populations. Il examine ensuite la lutte humaine entre la libert\u00e9 et la peur dans deux p\u00e9riodes importantes de l&rsquo;histoire \u2013 l&rsquo;Exode biblique d&rsquo;\u00c9gypte et le si\u00e8cle des Lumi\u00e8res \u2013 pour r\u00e9v\u00e9ler comment l&rsquo;humanit\u00e9 a mis sa foi d&rsquo;abord en Dieu, puis dans les rois et enfin dans la raison. Mais la raison, ayant expos\u00e9 ses propres limites au cours du si\u00e8cle dernier, nous a conduit \u00e0 un profond sentiment d&rsquo;insignifiance. En fait, apr\u00e8s environ 400 ans, nous sommes arriv\u00e9s \u00e0 la fin de la p\u00e9riode des Lumi\u00e8res, \u00e9galement connue sous le nom d&rsquo;\u00e2ge de raison. Regardant dans l&rsquo;ab\u00eeme de la post-modernit\u00e9 et toujours incapables de faire face \u00e0 notre propre anxi\u00e9t\u00e9 ontologique, beaucoup sont des proies faciles pour les dictateurs en herbe, qui offrent un sentiment de refuge dans une foule plut\u00f4t que la responsabilit\u00e9 individuelle de l&rsquo;autonomisation. L&rsquo;article se termine par l&rsquo;intuition du th\u00e9ologien Paul Tillich selon laquelle \u00ab le courage d&rsquo;\u00eatre \u00bb libre d\u00e9pend de la volont\u00e9 et de la capacit\u00e9 d&#8217;embrasser l&rsquo;angoisse n\u00e9e de l&rsquo;exp\u00e9rience de l&rsquo;insignifiance.<\/h4>\n<p>&nbsp;<\/p>\n\n\n\n<p><\/p>\n\n\n\n<div class=\"wp-block-uagb-buttons uagb-buttons__outer-wrap uagb-btn__default-btn uagb-btn-tablet__default-btn uagb-btn-mobile__default-btn uagb-block-658d8bf7\"><div class=\"uagb-buttons__wrap uagb-buttons-layout-wrap\">\n<div class=\"wp-block-uagb-buttons-child uagb-buttons__outer-wrap uagb-block-c8a473b7 wp-block-button is-style-outline\"><div class=\"uagb-button__wrapper\"><a class=\"uagb-buttons-repeater wp-block-button__link has-background has-text-color\" href=\"https:\/\/clespourunavenirdurable.fr\/wp-content\/uploads\/2024\/03\/Le-Roi-est-mort-1.pdf\" onclick=\"return true;\" rel=\"follow noopener\" target=\"_self\"><div class=\"uagb-button__link\">T\u00e9l\u00e9chargement du PDF <\/div><\/a><\/div><\/div>\n<\/div><\/div>\n\n\n\n<p><\/p>\n\n\n\n<p><\/p>\n\n\n\n<p><\/p>\n\n\n\n<p>&nbsp;<\/p>\n<p>&nbsp;<\/p>\n\n\n\n<h2 style=\"text-align: center;\"><em>Leadership Mondial au 21e Si\u00e8cle<\/em><\/h2>\n\n\n\n<p><\/p>\n\n\n\n<h4 style=\"text-align: center;\"><em>Article Initialement Publi\u00e9 dans \u00ab <a href=\"https:\/\/www.cadmusjournal.org\/\">The Cadmus Journal&nbsp;<\/a>\u00bb le 12 octobre 2019<\/em><\/h4>\n<h4 style=\"text-align: center;\">sous le titre<\/h4>\n<h4 style=\"text-align: center;\"><span class=\"title\"><a href=\"https:\/\/www.cadmusjournal.org\/article\/volume-4\/issue-1\/global-leadership-21st-century\">Global Leadership in the 21st Century<\/a> <\/span><\/h4>\n\n\n\n<h4 style=\"text-align: center;\"><em>Auteur : David Harries<\/em><\/h4>\n\n\n\n<p><\/p>\n\n\n\n<div class=\"wp-block-uagb-buttons uagb-buttons__outer-wrap uagb-btn__default-btn uagb-btn-tablet__default-btn uagb-btn-mobile__default-btn uagb-block-9fab0526\"><div class=\"uagb-buttons__wrap uagb-buttons-layout-wrap\">\n<div class=\"wp-block-uagb-buttons-child uagb-buttons__outer-wrap uagb-block-4a1b209e wp-block-button is-style-outline\"><div class=\"uagb-button__wrapper\"><a class=\"uagb-buttons-repeater wp-block-button__link has-background has-text-color\" href=\"https:\/\/clespourunavenirdurable.fr\/wp-content\/uploads\/2023\/02\/Leadership-Mondial-au-21e-siecle-FO-1.pdf\" onclick=\"return true;\" rel=\"follow noopener\" target=\"_self\"><div class=\"uagb-button__link\">T\u00e9l\u00e9chargement du PDF<\/div><\/a><\/div><\/div>\n\n\n\n<div class=\"wp-block-uagb-buttons-child uagb-buttons__outer-wrap uagb-block-20a35655 wp-block-button is-style-outline\"><div class=\"uagb-button__wrapper\"><a class=\"uagb-buttons-repeater wp-block-button__link has-background has-text-color\" href=\"https:\/\/clespourunavenirdurable.fr\/wp-content\/uploads\/2023\/12\/David-Harries.pdf\" onclick=\"return true;\" rel=\"follow noopener\" target=\"_self\"><div class=\"uagb-button__link\">Pr\u00e9sentation de l&rsquo;auteur <\/div><\/a><\/div><\/div>\n<\/div><\/div>\n\n\n\n<p><\/p>\n\n\n\n<h3 style=\"text-align: center;\"><strong><em>R\u00e9sum\u00e9<\/em><\/strong><\/h3>\n\n\n\n<h4 style=\"text-align: justify;\">Le 17 mars 2019, imm\u00e9diatement apr\u00e8s le VIIe Forum mondial de Bakou, qui a dur\u00e9 quatre jours, les membres et amis de cinq organisations internationales se sont r\u00e9unis pour analyser l\u2019\u00e9tat actuel et l\u2019efficacit\u00e9 future de la gouvernance et du leadership, dans le contexte d\u2019un monde ax\u00e9 sur les 17 ODD et le r\u00f4le de l\u2019\u00e9ducation dans leur r\u00e9alisation. Le bref compte rendu des travaux de la journ\u00e9e, dans le bulletin de l\u2019AMAS de juin 2019, m\u00e9ritait un suivi plus approfondi de leurs diff\u00e9rentes parties et des nombreux liens importants entre leurs th\u00e8mes: les progr\u00e8s du R\u00e9seau des Universit\u00e9s de la Mer Noire, la description provocatrice de Jeffrey Sachs des d\u00e9fis \u00e0 relever pour atteindre les 17 ODD d\u2019ici 2030, et les cinq sessions traitant du &nbsp;leadership et des besoins li\u00e9s sont abord\u00e9s dans cet essai de r\u00e9flexions personnelles et professionnelles. Toutes ces r\u00e9flexions sont offertes dans le but de fournir aux participants et aux personnes int\u00e9ress\u00e9es un rapport plus d\u00e9taill\u00e9 des travaux et une perspective plus large sur plusieurs de leurs principaux th\u00e8mes.<\/h4>\n\n\n\n<p><\/p>\n\n\n\n<p><\/p>\n\n\n\n<h2 style=\"text-align: center;\"><em>Le Multilat\u00e9ralisme : son Pass\u00e9, son Pr\u00e9sent et son Avenir<\/em><\/h2>\n\n\n\n<p><\/p>\n\n\n\n<h4 style=\"text-align: center;\"><em>Article initialement publi\u00e9 dans \u00ab&nbsp;<a href=\"https:\/\/www.cadmusjournal.org\/\">The Cadmus Journal<\/a>&nbsp;\u00bb le 13 Juin 2020<\/em><\/h4>\n<h4 style=\"text-align: center;\">sous le titre<\/h4>\n<h4 style=\"text-align: center;\"><span class=\"title\"> <a href=\"https:\/\/www.cadmusjournal.org\/article\/volume-4\/issue-2-part-2\/multilateralism-its-past-present-and-future\">Multilateralism: Its Past, Present and Future<\/a> <\/span><\/h4>\n\n\n\n<p><\/p>\n\n\n\n<h4 style=\"text-align: center;\"><em>Auteur : David Chikvaidze<\/em><\/h4>\n\n\n\n<p><\/p>\n\n\n\n<div class=\"wp-block-uagb-buttons uagb-buttons__outer-wrap uagb-btn__default-btn uagb-btn-tablet__default-btn uagb-btn-mobile__default-btn uagb-block-4b5a43c7\"><div class=\"uagb-buttons__wrap uagb-buttons-layout-wrap\">\n<div class=\"wp-block-uagb-buttons-child uagb-buttons__outer-wrap uagb-block-a03561f8 wp-block-button is-style-outline\"><div class=\"uagb-button__wrapper\"><a class=\"uagb-buttons-repeater wp-block-button__link has-background has-text-color\" href=\"https:\/\/clespourunavenirdurable.fr\/wp-content\/uploads\/2023\/02\/Le-Multilateralisme-1.pdf\" onclick=\"return true;\" rel=\"follow noopener\" target=\"_self\"><div class=\"uagb-button__link\">T\u00e9l\u00e9chargement du PDF <\/div><\/a><\/div><\/div>\n\n\n\n<div class=\"wp-block-uagb-buttons-child uagb-buttons__outer-wrap uagb-block-8337d5ad wp-block-button is-style-outline\"><div class=\"uagb-button__wrapper\"><a class=\"uagb-buttons-repeater wp-block-button__link has-background has-text-color\" href=\"https:\/\/clespourunavenirdurable.fr\/wp-content\/uploads\/2023\/12\/David-Chikvaidze.pdf\" onclick=\"return true;\" rel=\"follow noopener\" target=\"_self\"><div class=\"uagb-button__link\">Pr\u00e9sentation de l&rsquo;auteur <\/div><\/a><\/div><\/div>\n<\/div><\/div>\n\n\n\n<p><\/p>\n\n\n\n<h3 style=\"text-align: center;\"><strong><em>R\u00e9sum\u00e9<\/em><\/strong><\/h3>\n\n\n\n<h4 style=\"text-align: justify;\">Cet article \u00ab balaye \u00bb l\u2019histoire, en commen\u00e7ant par les trait\u00e9s de Westphalie en 1648, jusqu\u2019au Congr\u00e8s de Vienne de 1814-15, \u00e0 la terminologie actuelle du \u00ab multilat\u00e9ralisme moderne \u00bb avec sa lign\u00e9e depuis le Trait\u00e9 de Versailles de 1919 et la Soci\u00e9t\u00e9 des Nations, jusqu\u2019\u00e0 la Conf\u00e9rence Mon\u00e9taire et Financi\u00e8re des Nations Unies \u00e0 Bretton Woods en 1944, la Communaut\u00e9 Europ\u00e9enne du Charbon et de l\u2019Acier de 1950,\u00a0 le Trait\u00e9 sur la Non-Prolif\u00e9ration des Armes Nucl\u00e9aires (TNP) de 1970 et conclut la revue \u00a0avec le Processus d\u2019Helsinki culminant en 1975.<\/h4>\n\n\n\n<h4 style=\"text-align: justify;\">L\u2019objectif de \u00ab balayer l\u2019histoire \u00bb et de son id\u00e9e ma\u00eetresse est d\u2019analyser comment, \u00e0 diff\u00e9rents moments, les puissances mondiales de l\u2019\u00e9poque ne se sont tourn\u00e9es vers le multilat\u00e9ralisme qu\u2019apr\u00e8s un conflit prolong\u00e9 et d\u00e9vastateur dans lequel elles avaient commis une maladresse ou dans lequel elles avaient \u00e9t\u00e9 forc\u00e9es de s\u2019engager, ne leur laissant pas d\u2019autre choix que de s\u2019asseoir et de parler, de n\u00e9gocier et de prendre en compte un \u00e9quilibre des int\u00e9r\u00eats de toutes les parties. Tout cela s\u2019accumule jusqu\u2019\u00e0 un point o\u00f9 le r\u00e9cit explore les d\u00e9fis et les \u00ab attaques \u00bb d\u2019aujourd\u2019hui contre le multilat\u00e9ralisme et l\u2019incapacit\u00e9 apparente de la communaut\u00e9 internationale \u00e0 se r\u00e9engager et \u00e0 travailler ensemble, pour endiguer, selon les mots du Secr\u00e9taire G\u00e9n\u00e9ral des Nations Unies, \u00ab le vent de folie qui balaie le monde \u00bb.<\/h4>\n\n\n\n<p><\/p>\n\n\n\n<p><\/p>\n\n\n\n<h3 style=\"text-align: center;\"><em>L&rsquo;\u00e9conomie politique du n\u00e9olib\u00e9ralisme et de la d\u00e9mocratie illib\u00e9rale<\/em><\/h3>\n<h4 style=\"text-align: center;\"><em>Article initialement paru le 17 octobre 2017 dans \u00ab&nbsp;Cadmus Journal&nbsp;\u00bb<\/em><\/h4>\n<p style=\"text-align: center;\">sous le titre<\/p>\n<p><em><u><a href=\"https:\/\/www.cadmusjournal.org\/article\/volume-3\/issue-3\/political-economy-neoliberalism-and-illiberal-democracy\">The Political Economy of Neoliberalism and Illiberal Democracy<\/a><\/u><\/em> <em><u>&nbsp;<\/u><\/em><\/p>\n<p style=\"text-align: right;\">&nbsp;Auteur&nbsp;: <a href=\"https:\/\/www.cadmusjournal.org\/author\/garry-jacobs\">Garry Jacobs<\/a><\/p>\n<p style=\"text-align: right;\"><em>Pr\u00e9sident et Directeur G\u00e9n\u00e9ral de l&rsquo;Acad\u00e9mie Mondiale des Arts et des Sciences ; PDG et Pr\u00e9sident du Conseil d&rsquo;Administration, World University Consortium ; Membre international, Club de Rome ; Pr\u00e9sident, The Mother&rsquo;s Service Society, Pondich\u00e9ry, Inde.<\/em><\/p>\n<p>&nbsp;<\/p>\n\n\n\n<p><\/p>\n\n\n\n<h3 style=\"text-align: center;\"><strong><em>R\u00e9sum\u00e9 <\/em><\/strong><\/h3>\n<h4 style=\"text-align: justify;\">Les occasions sans pr\u00e9c\u00e9dent manqu\u00e9es \u00e0 la fin de la guerre froide sont revenues nous hanter et nous narguer sous la forme d&rsquo;id\u00e9ologies difformes et de politiques mal con\u00e7ues. Des notions discr\u00e9dit\u00e9es, rejet\u00e9es par l&rsquo;histoire, rel\u00e8vent \u00e0 nouveau la t\u00eate pour \u00eatre finalement enterr\u00e9es ou nous enterrer. Malgr\u00e9 la rh\u00e9torique du Consensus de Washington, la chute du mur de Berlin, l&rsquo;effondrement du communisme et la dissolution de l&rsquo;autoritarisme sovi\u00e9tique n&rsquo;ont pas marqu\u00e9 une justification et une victoire d\u00e9finitives pour le n\u00e9olib\u00e9ralisme d\u00e9mocratique occidental. Ils n&rsquo;ont fait qu&rsquo;\u00e9liminer l&rsquo;antagonisme qui avait contraint les id\u00e9ologues occidentaux \u00e0 mod\u00e9rer leurs actions pour contrebalancer l&rsquo;attrait humaniste \u00e9vident du socialisme. Aveugl\u00e9s par leur propre propagande, les th\u00e9oriciens, les politiciens et le grand public ont adopt\u00e9 une voie qui menace la stabilit\u00e9 et la durabilit\u00e9 de la soci\u00e9t\u00e9 occidentale. La mondialisation, la financiarisation, les fusions et acquisitions mondiales, le syst\u00e8me bancaire parall\u00e8le, les paradis fiscaux internationaux, le biais politique favorisant l&rsquo;automatisation \u00e0 forte intensit\u00e9 \u00e9nerg\u00e9tique, la maximisation de la valeur actionnariale, la capture de l&rsquo;\u00c9tat, l&rsquo;oligarchie et la ploutocratie ont aliment\u00e9 des niveaux croissants d&rsquo;in\u00e9galit\u00e9 \u00e9conomique et d&rsquo;ins\u00e9curit\u00e9. Plus important encore, ils ont \u00e9branl\u00e9 les racines du consensus social qui est le fondement des d\u00e9mocraties lib\u00e9rales modernes : polariser et d\u00e9stabiliser la soci\u00e9t\u00e9 et plonger les processus politiques dans le chaos. L&rsquo;id\u00e9e que l&rsquo;\u00e9conomie peut \u00eatre dissoci\u00e9e et isol\u00e9e de la politique est une illusion. Il n&rsquo;y a pas d&rsquo;\u00e9conomie sans politique et sans droit. Le retour \u00e0 un capitalisme d\u00e9brid\u00e9 menace la culture des valeurs lib\u00e9rales et le fonctionnement des institutions d\u00e9mocratiques. M\u00eame les d\u00e9mocraties matures montrent des signes de d\u00e9g\u00e9n\u00e9rescence en leurs homonymes illib\u00e9raux. L&rsquo;histoire confirme que les soci\u00e9t\u00e9s pacifiques, prosp\u00e8res, libres et harmonieuses peuvent \u00eatre mieux nourries par la r\u00e9partition la plus large possible de toutes les formes de pouvoir \u2013 politique, \u00e9conomique, \u00e9ducatif, scientifique, technologique et social \u2013 dans la plus large mesure et au plus grand nombre. L&rsquo;aspiration \u00e0 la libert\u00e9 individuelle ne peut \u00eatre r\u00e9alis\u00e9e et pr\u00e9serv\u00e9e que lorsqu&rsquo;elle est associ\u00e9e au droit \u00e0 l&rsquo;\u00e9galit\u00e9 sociale. L&rsquo;interd\u00e9pendance mutuelle de l&rsquo;individu et du collectif est la cl\u00e9 de leur r\u00e9conciliation et de l&rsquo;avenir de l&rsquo;humanit\u00e9.<\/h4>\n<p>\u00a0<\/p>\n\n\n\n<p><\/p>\n\n\n\n<p><\/p>\n\n\n\n<div class=\"wp-block-uagb-buttons uagb-buttons__outer-wrap uagb-btn__default-btn uagb-btn-tablet__default-btn uagb-btn-mobile__default-btn uagb-block-937fcc86\"><div class=\"uagb-buttons__wrap uagb-buttons-layout-wrap\">\n<div class=\"wp-block-uagb-buttons-child uagb-buttons__outer-wrap uagb-block-e8bf3b2e wp-block-button is-style-outline\"><div class=\"uagb-button__wrapper\"><a class=\"uagb-buttons-repeater wp-block-button__link has-background has-text-color\" href=\"https:\/\/clespourunavenirdurable.fr\/wp-content\/uploads\/2024\/03\/DEMOCRATIE-ILLIBERALE-1.pdf\" onclick=\"return true;\" rel=\"follow noopener\" target=\"_self\"><div class=\"uagb-button__link\">T\u00e9l\u00e9chargement du PDF <\/div><\/a><\/div><\/div>\n\n\n\n<div class=\"wp-block-uagb-buttons-child uagb-buttons__outer-wrap uagb-block-e47d3692 wp-block-button is-style-outline\"><div class=\"uagb-button__wrapper\"><a class=\"uagb-buttons-repeater wp-block-button__link has-background has-text-color\" href=\"https:\/\/clespourunavenirdurable.fr\/wp-content\/uploads\/2024\/03\/Garry-Jacobs-BIO-1.pdf\" onclick=\"return true;\" rel=\"follow noopener\" target=\"_self\"><div class=\"uagb-button__link\">Pr\u00e9sentation de l&rsquo;auteur <\/div><\/a><\/div><\/div>\n<\/div><\/div>\n\n\n\n<p><\/p>\n","protected":false},"excerpt":{"rendered":"<p>Vers un nouveau paradigme de gouvernance mondiale Article initialement paru dans \u2018The Cadmus Journal&nbsp;\u00bb le 11 Mai 2019 sous le titre&nbsp; toward-new-paradigm-world-governance Fadwa El Guindi R\u00e9sum\u00e9 L&rsquo;article pr\u00e9sente une analyse critique de l&rsquo;ordre existant du mondialisme, qui impose des valeurs et des constructions occidentales \u00e0 l&rsquo;univers humain. Cela conduit \u00e0 son tour \u00e0 des r\u00e9sultats [&hellip;]<\/p>\n","protected":false},"author":1,"featured_media":0,"parent":0,"menu_order":0,"comment_status":"closed","ping_status":"closed","template":"","meta":{"om_disable_all_campaigns":false,"_uag_custom_page_level_css":"","_monsterinsights_skip_tracking":false,"_monsterinsights_sitenote_active":false,"_monsterinsights_sitenote_note":"","_monsterinsights_sitenote_category":0,"_uf_show_specific_survey":0,"_uf_disable_surveys":false,"footnotes":""},"aioseo_notices":[],"uagb_featured_image_src":{"full":false,"thumbnail":false,"medium":false,"medium_large":false,"large":false,"1536x1536":false,"2048x2048":false},"uagb_author_info":{"display_name":"lechev.1910@gmail.com","author_link":"https:\/\/clespourunavenirdurable.fr\/?author=1"},"uagb_comment_info":0,"uagb_excerpt":"Vers un nouveau paradigme de gouvernance mondiale Article initialement paru dans \u2018The Cadmus Journal&nbsp;\u00bb le 11 Mai 2019 sous le titre&nbsp; toward-new-paradigm-world-governance Fadwa El Guindi R\u00e9sum\u00e9 L&rsquo;article pr\u00e9sente une analyse critique de l&rsquo;ordre existant du mondialisme, qui impose des valeurs et des constructions occidentales \u00e0 l&rsquo;univers humain. Cela conduit \u00e0 son tour \u00e0 des r\u00e9sultats\u2026","_links":{"self":[{"href":"https:\/\/clespourunavenirdurable.fr\/index.php?rest_route=\/wp\/v2\/pages\/3709"}],"collection":[{"href":"https:\/\/clespourunavenirdurable.fr\/index.php?rest_route=\/wp\/v2\/pages"}],"about":[{"href":"https:\/\/clespourunavenirdurable.fr\/index.php?rest_route=\/wp\/v2\/types\/page"}],"author":[{"embeddable":true,"href":"https:\/\/clespourunavenirdurable.fr\/index.php?rest_route=\/wp\/v2\/users\/1"}],"replies":[{"embeddable":true,"href":"https:\/\/clespourunavenirdurable.fr\/index.php?rest_route=%2Fwp%2Fv2%2Fcomments&post=3709"}],"version-history":[{"count":39,"href":"https:\/\/clespourunavenirdurable.fr\/index.php?rest_route=\/wp\/v2\/pages\/3709\/revisions"}],"predecessor-version":[{"id":7696,"href":"https:\/\/clespourunavenirdurable.fr\/index.php?rest_route=\/wp\/v2\/pages\/3709\/revisions\/7696"}],"wp:attachment":[{"href":"https:\/\/clespourunavenirdurable.fr\/index.php?rest_route=%2Fwp%2Fv2%2Fmedia&parent=3709"}],"curies":[{"name":"wp","href":"https:\/\/api.w.org\/{rel}","templated":true}]}}